Calculate the remainder when 58845 is divided by 5883.
15
Calculate the remainder when 441541 is divided by 88307.
6
What is the remainder when 17705677 is divided by 347170?
7
What is the remainder when 131220 is divided by 26241?
15
What is the remainder when 720594 is divided by 548?
522
Calculate the remainder when 8060878 is divided by 6591.
85
Calculate the remainder when 63830 is divided by 31623.
584
What is the remainder when 3323060 is divided by 2050?
10
What is the remainder when 4896869 is divided by 807?
800
Calculate the remainder when 89239 is divided by 4643.
1022
Calculate the remainder when 2815952 is divided by 101.
72
What is the remainder when 975287 is divided by 38?
17
What is the remainder when 4169689 is divided by 1139?
949
Calculate the remainder when 15654829 is divided by 489210.
109
What is the remainder when 54581015 is divided by 229?
10
What is the remainder when 1664559 is divided by 2474?
2031
Calculate the remainder when 14167649 is divided by 546.
41
What is the remainder when 2433493 is divided by 522?
451
What is the remainder when 78471 is divided by 26083?
222
Calculate the remainder when 699063 is divided by 1986.
1977
What is the remainder when 80582648 is divided by 9?
5
What is the remainder when 285971 is divided by 35636?
883
Calculate the remainder when 393963926 is divided by 609.
608
Calculate the remainder when 211751 is divided by 2369.
910
What is the remainder when 1606997 is divided by 4540?
4377
Calculate the remainder when 338875 is divided by 42011.
2787
What is the remainder when 28340254 is divided by 32?
30
What is the remainder when 189380654 is divided by 13602?
8
What is the remainder when 284460 is divided by 84?
36
What is the remainder when 30116 is divided by 8745?
3881
Calculate the remainder when 720253115 is divided by 33.
32
Calculate the remainder when 1626472595 is divided by 89.
87
Calculate the remainder when 34492723 is divided by 14.
13
What is the remainder when 3872948 is divided by 2697?
56
Calculate the remainder when 50868 is divided by 3551.
1154
What is the remainder when 6861 is divided by 3332?
197
Calculate the remainder when 1250616 is divided by 11.
4
Calculate the remainder when 31085 is divided by 15509.
67
What is the remainder when 303114 is divided by 7370?
944
What is the remainder when 13643615 is divided by 48?
47
What is the remainder when 918199 is divided by 39909?
292
Calculate the remainder when 22870 is divided by 22078.
792
Calculate the remainder when 229064813 is divided by 27.
26
What is the remainder when 584755 is divided by 3748?
67
Calculate the remainder when 12994 is divided by 589.
36
What is the remainder when 15634509 is divided by 2625?
9
Calculate the remainder when 453105 is divided by 453022.
83
What is the remainder when 4897266 is divided by 1210?
396
Calculate the remainder when 23951 is divided by 41.
7
What is the remainder when 4219230 is divided by 843792?
270
Calculate the remainder when 21912 is divided by 163.
70
What is the remainder when 220775672 is divided by 4092?
4088
Calculate the remainder when 120912 is divided by 1081.
921
What is the remainder when 64932212 is divided by 3819539?
49
Calculate the remainder when 84440 is divided by 31.
27
What is the remainder when 23601735 is divided by 107?
103
What is the remainder when 2705422 is divided by 544?
110
Calculate the remainder when 1057806 is divided by 352217.
1155
Calculate the remainder when 6778714 is divided by 184.
154
What is the remainder when 7599687 is divided by 54?
51
Calculate the remainder when 561793 is divided by 324.
301
Calculate the remainder when 4646574 is divided by 144.
126
What is the remainder when 7667497 is divided by 2555829?
10
What is the remainder when 17402011 is divided by 17401972?
39
What is the remainder when 2700491 is divided by 42?
17
Calculate the remainder when 8906430 is divided by 1836.
1830
Calculate the remainder when 83180 is divided by 5189.
156
What is the remainder when 5293230 is divided by 3819?
96
What is the remainder when 733490 is divided by 19824?
2
Calculate the remainder when 49031 is divided by 1323.
80
Calculate the remainder when 701319 is divided by 116423.
2781
Calculate the remainder when 37506 is divided by 244.
174
Calculate the remainder when 43817225 is divided by 38.
33
Calculate the remainder when 11339607 is divided by 3526.
3517
What is the remainder when 111092 is divided by 2628?
716
What is the remainder when 4982823 is divided by 616?
615
What is the remainder when 130782 is divided by 200?
182
What is the remainder when 58020 is divided by 3717?
2265
What is the remainder when 1343959 is divided by 18666?
7
What is the remainder when 477194 is divided by 42?
32
Calculate the remainder when 4710817 is divided by 389.
27
What is the remainder when 74232 is divided by 116?
108
What is the remainder when 94964921 is divided by 10?
1
What is the remainder when 2596053 is divided by 1289?
7
Calculate the remainder when 35531 is divided by 17523.
485
Calculate the remainder when 16732465 is divided by 1064.
1
Calculate the remainder when 44808326 is divided by 848.
6
What is the remainder when 4015493 is divided by 36?
17
Calculate the remainder when 836910 is divided by 92903.
783
Calculate the remainder when 25364068 is divided by 90.
88
Calculate the remainder when 15305225 is divided by 15305203.
22
What is the remainder when 1930586 is divided by 3423?
14
What is the remainder when 31859 is divided by 10549?
212
What is the remainder when 83716 is divided by 16737?
31
What is the remainder when 68275 is divided by 5689?
7
What is the remainder when 466460 is divided by 333?
260
What is the remainder when 533268 is divided by 5860?
8
What is the remainder when 95195 is divided by 7607?
3911
Calculate the remainder when 612896102 is divided by 136.
134
Calculate the remainder when 68334 is divided by 13646.
104
Calculate the remainder when 337806 is divided by 1564.
1546
What is the remainder when 134938 is divided by 32589?
4582
Calculate the remainder when 601254 is divided by 5689.
3909
What is the remainder when 114663956 is divided by 3276113?
1
What is the remainder when 859662 is divided by 95518?
0
Calculate the remainder when 20673 is divided by 370.
323
Calculate the remainder when 5264872 is divided by 193.
25
What is the remainder when 406281 is divided by 3199?
8
What is the remainder when 49621 is divided by 1295?
411
What is the remainder when 89683 is divided by 22404?
67
What is the remainder when 4731711 is divided by 1310?
1301
What is the remainder when 2228836 is divided by 23217?
4
Calculate the remainder when 4331277 is divided by 1696.
1389
What is the remainder when 343594 is divided by 836?
834
What is the remainder when 1347335 is divided by 5202?
17
Calculate the remainder when 1610779 is divided by 458.
451
What is the remainder when 1385826 is divided by 106560?
546
Calculate the remainder when 3931911 is divided by 39703.
1314
Calculate the remainder when 17443108 is divided by 3488600.
108
What is the remainder when 17772035 is divided by 5924009?
8
Calculate the remainder when 7061675 is divided by 3530821.
33
What is the remainder when 8476189 is divided by 183?
178
What is the remainder when 5714927 is divided by 36?
35
Calculate the remainder when 6583899 is divided by 560.
539
What is the remainder when 7550794 is divided by 419487?
28
What is the remainder when 20737 is divided by 685?
187
What is the remainder when 469074 is divided by 639?
48
What is the remainder when 1802427 is divided by 8?
3
What is the remainder when 59840 is divided by 774?
242
Calculate the remainder when 32806 is divided by 5439.
172
Calculate the remainder when 60453147 is divided by 5178.
5175
Calculate the remainder when 208125120 is divided by 209.
203
Calculate the remainder when 69105 is divided by 33840.
1425
What is the remainder when 348850 is divided by 657?
640
Calculate the remainder when 11028634 is divided by 140.
134
What is the remainder when 479353 is divided by 193?
134
What is the remainder when 367138 is divided by 125?
13
What is the remainder when 463424 is divided by 463421?
3
Calculate the remainder when 1607388 is divided by 12859.
13
Calc